82 a multiple of 6?
False
Is 133 a factor of 1064?
True
Does 21 divide 1029?
True
Is 14 a factor of 203?
False
Is 3369 a multiple of 24?
False
Is 77 a factor of 693?
True
Is 1755 a multiple of 12?
False
Does 81 divide 40544?
False
Is 54 a factor of 11589?
False
Does 20 divide 6580?
True
Is 4358 a multiple of 11?
False
Does 29 divide 1271?
False
Is 28 a factor of 976?
False
Is 146 a multiple of 37?
False
Does 3 divide 3921?
True
Is 10198 even?
True
Is 16254 a multiple of 86?
True
Does 131 divide 136633?
True
Is 28903 a multiple of 10?
False
Is 9 a factor of 4909?
False
Does 6 divide 306?
True
Is 2583 a multiple of 63?
True
Is 33 a factor of 565?
False
Does 69 divide 2553?
True
Is 10 a factor of 53100?
True
Does 24 divide 432?
True
Is 38 a factor of 30762?
False
Does 6 divide 381?
False
Is 306 a multiple of 9?
True
Is 7 a factor of 19572?
True
Is 7 a factor of 1077?
False
Is 7910 a multiple of 14?
True
Is 2962 a multiple of 31?
False
Is 124 a multiple of 4?
True
Is 71 a multiple of 4?
False
Is 59 a factor of 437?
False
Does 182 divide 33124?
True
Is 578 a multiple of 38?
False
Is 53 a factor of 3739?
False
Is 19 a factor of 18620?
True
Does 5 divide 1290?
True
Is 2704 a multiple of 9?
False
Is 15189 a multiple of 42?
False
Does 30 divide 21360?
True
Is 3057 a multiple of 59?
False
Does 201 divide 5307?
False
Is 24 a factor of 4560?
True
Does 21 divide 23205?
True
Does 36 divide 754?
False
Does 32 divide 88?
False
Is 612 a multiple of 9?
True
Is 5 a factor of 119?
False
Is 123 a factor of 9963?
True
Is 14 a factor of 41776?
True
Does 5 divide 25909?
False
Does 13 divide 63531?
True
Is 99 a factor of 7425?
True
Is 11 a factor of 179?
False
Is 197 a multiple of 48?
False
Is 2899 a multiple of 13?
True
Is 1766 a multiple of 29?
False
Does 12 divide 1236?
True
Is 15 a factor of 55986?
False
Is 949 a multiple of 31?
False
Is 5 a factor of 362?
False
Is 90 a factor of 30025?
False
Does 64 divide 414?
False
Is 98 a factor of 1176?
True
Is 25 a multiple of 5?
True
Is 13 a factor of 10738?
True
Is 8 a factor of 1991?
False
Is 14059 a multiple of 17?
True
Is 25 a multiple of 8?
False
Is 5020 a multiple of 76?
False
Is 94 a multiple of 11?
False
Is 42 a factor of 40768?
False
Does 6 divide 4304?
False
Does 129 divide 2787?
False
Is 8 a factor of 6275?
False
Is 43849 a multiple of 68?
False
Is 38 a factor of 39988?
False
Is 1026 a multiple of 57?
True
Does 12 divide 6747?
False
Is 5175 a multiple of 115?
True
Does 13 divide 477?
False
Does 7 divide 1057?
True
Does 10 divide 1760?
True
Does 16 divide 592?
True
Does 16 divide 1072?
True
Is 305 a factor of 4602?
False
Is 1190 a multiple of 85?
True
Is 6064 a multiple of 30?
False
Is 8724 a multiple of 6?
True
Is 2690 a multiple of 5?
True
Does 30 divide 2430?
True
Does 4 divide 492?
True
Is 8 a factor of 3786?
False
Is 30 a factor of 7094?
False
Is 44413 a multiple of 21?
False
Does 4 divide 2000?
True
Does 85 divide 255?
True
Is 27 a multiple of 4?
False
Is 7 a factor of 648?
False
Is 918 a multiple of 9?
True
Does 63 divide 1260?
True
Is 365 a factor of 38325?
True
Is 22 a factor of 792?
True
Does 13 divide 14085?
False
Does 87 divide 1740?
True
Is 1183 a multiple of 13?
True
Does 81 divide 10368?
True
Does 9 divide 4068?
True
Does 29 divide 609?
True
Is 25 a factor of 426?
False
Does 25 divide 21601?
False
Is 624 a multiple of 26?
True
Is 13 a factor of 351?
True
Is 10 a factor of 11150?
True
Is 4 a factor of 96?
True
Does 12 divide 372?
True
Does 4 divide 10172?
True
Is 30 a factor of 9270?
True
Does 401 divide 44912?
True
Is 96 a factor of 2592?
True
Is 4 a factor of 7?
False
Is 1086 a multiple of 17?
False
Does 8 divide 48?
True
Is 369 a multiple of 41?
True
Is 22950 a multiple of 17?
True
Does 15 divide 645?
True
Does 97 divide 14550?
True
Is 11 a factor of 7381?
True
Is 7 a factor of 5039?
False
Is 5 a multiple of 2?
False
Is 141 a factor of 417?
False
Does 363 divide 3993?
True
Does 22 divide 682?
True
Is 1277 a multiple of 12?
False
Does 146 divide 45031?
False
Is 87142 a multiple of 187?
True
Is 62 a factor of 5208?
True
Is 206 a multiple of 6?
False
Is 9 a factor of 1386?
True
Is 61 a factor of 6344?
True
Is 21600 a multiple of 200?
True
Does 8 divide 592?
True
Is 9 a factor of 8954?
False
Does 25 divide 2858?
False
Is 12863 a multiple of 136?
False
Is 20 a factor of 18760?
True
Is 12880 a multiple of 70?
True
Is 39686 a multiple of 29?
False
Is 3063 a multiple of 144?
False
Is 17 a factor of 4590?
True
Does 44 divide 7530?
False
Does 15 divide 6555?
True
Does 9 divide 8541?
True
Is 1512 a multiple of 36?
True
Is 16 a factor of 4130?
False
Is 19 a factor of 33108?
False
Does 74 divide 1998?
True
Is 42 a factor of 34230?
True
Is 220 a multiple of 22?
True
Is 48840 a multiple of 165?
True
Is 8 a factor of 2769?
False
Does 29 divide 377?
True
Is 31 a factor of 559?
False
Is 74292 a multiple of 302?
True
Does 35 divide 1575?
True
Does 99 divide 13617?
False
Is 464 a multiple of 29?
True
Is 2193 a multiple of 58?
False
Does 6 divide 1284?
True
Is 2794 a multiple of 155?
False
Is 13348 a multiple of 47?
True
Is 20105 a multiple of 12?
False
Is 943 a multiple of 41?
True
Does 127 divide 16892?
False
Is 980 a multiple of 14?
True
Is 11 a factor of 10571?
True
Does 22 divide 3005?
False
Does 115 divide 67505?
True
Is 624 a multiple of 16?
True
Is 19200 a multiple of 15?
True
Does 67 divide 4364?
False
Is 33 a factor of 149?
False
Is 52 a factor of 2182?
False
Does 3 divide 1374?
True
Is 1568 a multiple of 14?
True
Is 23 a factor of 17429?
False
Does 6 divide 6093?
False
Is 6751 a multiple of 120?
False
Is 4266 a multiple of 79?
True
Is 617 a multiple of 18?
False
Does 42 divide 3528?
True
Is 1455 a multiple of 6?
False
Is 18626 a multiple of 134?
True
Is 1020 a multiple of 51?
True
Is 4 a factor of 5604?
True
Does 39 divide 153?
False
Is 1839 a multiple of 9?
False
Is 1833 a multiple of 101?
False
Is 8 a factor of 175?
False
Is 11 a factor of 874?
False
Is 15941 a multiple of 57?
False
Is 1186 a multiple of 6?
False
Is 10683 a multiple of 3?
True
Is 34 a factor of 498?
False
Does 69 divide 897?
True
Is 32 a factor of 304?
False
Does 164 divide 28666?
False
Is 28784 a multiple of 14?
True
Is 56 a factor of 5572?
False
Is 1617 a multiple of 49?
True
Does 21 divide 336?
True
Is 92 a factor of 10738?
False
Is 17 a factor of 3448?
False
Is 1792 a multiple of 56?
True
Is 21222 a multiple of 10?
False
Does 11 divide 411?
False
Does 7 divide 14001?
False
Does 2 divide 895?
False
Is 9486 a multiple of 17?
True
Is 13 a factor of 78?
True
Does 75 divide 30564?
False
Does 8 divide 148?
False
Is 14274 a multiple of 155?
False
Is 19 a factor of 8094?
True
Does 27 divide 4401?
True
Is 5 a factor of 32?
False
Does 69 divide 1173?
True
Is 13 a factor of 10816?
True
Does 7 divide 203?
True
Does 20 divide 957?
False
Is 126 a multiple of 67?
False
Is 14 a factor of 2424?
False
Does 13 divide 16633?
False
Is 17020 a multiple of 12?
False
Is 21 a factor of 11361?
True
Is 41 a factor of 4182?
True
Does 191 divide 68792?
False
Does 46 divide 690?
True
Does 20 divide 2230?
False
Does 7 divide 105?
True
Is 6 a factor of 324?
True
Is 12 a factor of 24927?
False
Is 113 a multiple of 8?
False
Is 3108 a multiple of 12?
True
Is 193 a factor of 15440?
True
Does 30 divide 420?
True
Is 41 a factor of 1927?
True
Is 9 a factor of 360?
True
Is 38 a factor of 640?
False
Is 53 a factor of 5845?
False
Is 115 a factor of 2125?
False
Is 16 a factor of 106?
False
Does 22 divide 97240?
True
Does 84 divide 3113?
False
Is 672 a multiple of 56?
True
Is 700 a multiple of 5?
True
Is 8902 a multiple of 7?
False
Is 193 a factor of 19300?
True
Is 7 a factor of 7?
True
Does 5 divide 16128?
False
Is 20 a factor of 608?
False
Is 1353 a multiple of 17?
False
Is 51 a factor of 4031?
False
Does 36 divide 8820?
True
Does 9 divide 54?
True
Is 12 a factor of 556?
False
Does 27 divide 6002?
False
Is 3321 a multiple of 32?
False
Does 134 divide 6968?
True
Is 5780 a multiple of 85?
True
Is 15 a factor of 3285?
True
Is 17 a factor of 127092?
True
Is 3264 a multiple of 8?
True
Does 31 divide 4453?
False
Is 63 a factor of 1386?
True
Does 9 divide 767?
False
Does 181 divide 11374?
False
Does 98 divide 2744?
True
Does 9 divide 1557?
True
Is 507 a multiple of 13?
True
Is 